10 = z - m. What is the highest common divisor of 12 and z?
12
Suppose 0 = 2*s + 4*g + 18, 2*s - 8*g - 27 = -3*g. Calculate the greatest common divisor of s and 7.
1
Let n(a) = a**2 - 4*a. Let d = 7 + -2. Let x be n(d). What is the highest common divisor of 15 and x?
5
Suppose -2*x = x - 120. Suppose 0 = -2*k - 75 - 25. Let j be (-3)/((-5)/(k/(-3))). What is the highest common factor of j and x?
10
Let d(f) = -f**3 - 9*f**2 + 5*f + 14. Let b be d(-10). Calculate the greatest common factor of b and 32.
32
Let n = -13 - -23. What is the greatest common divisor of n and 10?
10
Let y(a) be the first derivative of -3*a**4/4 - a**3/3 - a**2 - a - 1. Let i be y(-1). Suppose i*l - 180 = -2*l. What is the highest common factor of l and 4?
4
Let l = -18 - -21. What is the highest common factor of 12 and l?
3
Let p be (18/27)/((-4)/(-150)) + -1. Calculate the highest common factor of p and 60.
12
Let u be (15/(-3))/(1/7). Let c = -25 - u. Suppose 3*v - 2*v = c. What is the greatest common divisor of 25 and v?
5
Let o be (-4)/(-6)*(-36)/(-8). Suppose o*t - 89 = 262. Calculate the greatest common factor of t and 13.
13
Let v(o) = 11*o**3 + 2*o**2 + 2*o - 3. Let s be v(1). Calculate the greatest common factor of s and 42.
6
Let f = 8 + -5. Let t(w) = -w + 36. Let s be t(0). Suppose -f*p + s = 9. What is the greatest common factor of 9 and p?
9
Let l be 2/2*(-12)/(-3). Suppose -l*n = -45 - 3. Calculate the greatest common factor of 4 and n.
4
Let j be 14 + -2*(-3 + 2). What is the highest common divisor of j and 144?
16
Suppose 0 = -5*o - b + 58, 4*b + 6 = 6*b. What is the greatest common divisor of o and 11?
11
Let o(v) = -v**3 + 7*v**2 + 3. Let y be o(6). Let k be (2/5)/(6/390). What is the highest common divisor of y and k?
13
Let u = -21 - -23. Let f be (-2)/(-12)*-2*-9. Suppose f*n - u*n = 20. Calculate the greatest common divisor of 8 and n.
4
Suppose -k - 2 = 3*r - 24, 3*r - 4*k - 2 = 0. Let j = -4 + r. Suppose 10 - 52 = -j*z. What is the greatest common divisor of 3 and z?
3
Let q(c) = 3*c**2 + 6*c - 6. Let f be q(4). What is the highest common factor of 6 and f?
6
Suppose 4*x + 17 = 137. What is the highest common divisor of 210 and x?
30
Let p(z) = 4*z**2 - 25*z - 2. Let c(m) = m**2 - 8*m - 1. Let t(v) = 7*c(v) - 2*p(v). Let s be t(-4). What is the greatest common factor of s and 55?
5
Let c(f) = f**2 + 9*f + 8. Let r be c(-7). Let y be (-30)/(-4) - r/(-4). Calculate the greatest common factor of y and 3.
3
Let h be ((-24)/(-8))/(3/2). Suppose -u = -n - 4*n + 10, 4*u - 50 = h*n. Calculate the greatest common divisor of u and 5.
5
Let u = 9 + -2. Suppose 3*p = g - 18, 2*g + 5*p = -2*g + 89. Calculate the greatest common factor of u and g.
7
Let f be 1/2*(-3 - -3). Suppose f = 3*b + 27 - 207. Calculate the highest common factor of 15 and b.
15
Let g(p) be the second derivative of p**5/20 + p**4/2 - 3*p**3/2 - 5*p**2 - 4*p. Let k be g(-7). What is the greatest common divisor of k and 4?
4
Let i(n) be the third derivative of n**6/120 + 11*n**5/60 + 7*n**4/24 - 11*n**3/6 + 4*n**2. Let h be i(-9). Calculate the greatest common divisor of 8 and h.
8
Suppose -5*b - 2*j + 452 = 0, -j - 93 + 273 = 2*b. Calculate the highest common divisor of b and 23.
23
Let j = -1 + 3. Let k(c) = 11*c - 1. Let f(r) = -21*r + 2. Let s(n) = -6*f(n) - 11*k(n). Let o be s(j). Calculate the highest common factor of 63 and o.
9
Let j be (-3)/((-3)/(1 + 32)). Let l = j - 16. Calculate the highest common divisor of l and 153.
17
Let q be 5/1 + (-5 + 8 - 3). Calculate the greatest common factor of 55 and q.
5
Suppose -16 + 6 = -5*y + 2*v, 0 = -3*y - 4*v + 6. Let w be ((-3)/y)/((-2)/24). Let r = -3 + w. Calculate the greatest common divisor of r and 135.
15
Let b be 162 + (2 + -2 - 1). Suppose -f + 5*f - 9 = -3*l, 0 = 5*l + 5. Suppose 0 = -5*d + f*d + 46. What is the greatest common divisor of b and d?
23
Let d(a) = 3*a**2 + 7*a**2 - 4*a**2. Let h be d(-1). Let f(g) = 6*g. Let n be f(1). What is the greatest common factor of h and n?
6
Let p be (-22)/(-4) + 5/(-10). Suppose 2*w - 1 + 5 = -4*r, -4*r = -3*w - 6. Suppose p*c - 32 - 493 = r. What is the highest common divisor of 21 and c?
21
Let c be 4*(231/(-4))/(-7). What is the greatest common factor of c and 22?
11
Let m = -9 - -25. Let k = 759 + -695. What is the greatest common divisor of k and m?
16
Suppose 135 = -3*g + 6*g. Let n = -29 + g. Calculate the highest common factor of 24 and n.
8
Let n = 57 + -31. Let d be (-1)/((-3)/(-6)) + n. Calculate the greatest common divisor of 8 and d.
8
Suppose 0*n - 3*n = -27. Let l be (9/(-6))/(6/(-8)). Suppose l*b + 72 - 234 = 0. Calculate the greatest common factor of b and n.
9
Suppose 20 = 5*u - 8*f + 3*f, 3*u - 4*f = 10. What is the highest common divisor of 33 and u?
3
Let x = -23 - -41. Let a = -5 + x. Let y(k) = -5*k**3 + 2*k**2 + 2*k - 4. Let o be y(-3). What is the highest common factor of o and a?
13
Let f be 3*((-6)/(-3) + -4). Let g(a) = -a**2 - 10*a - 20. Let h be g(f). Calculate the highest common divisor of 32 and h.
4
Let c be 1/(-3) + 17/(-3). Let m(v) = -v + 5. Let z be m(c). Calculate the greatest common divisor of z and 33.
11
Let y(p) be the first derivative of 5*p - 1/3*p**3 - 4 + 4*p**2. Let f be y(7). Calculate the highest common factor of f and 132.
12
Let v be 4/(-16) + (-1402)/(-8). Suppose 2*u - 5*s - v = 0, -4*u - 5*s = -3*u - 50. Let a be 1 - (2 + 0 + -16). Calculate the highest common divisor of u and a.
15
Let y(l) = -l**2 - 5. Let j be y(5). Let b = -21 - j. Let o be (-2 - 12/(-8))*1*-54. What is the highest common divisor of o and b?
9
Let v = 142 + -62. Calculate the highest common factor of 20 and v.
20
Let a = 85 + -53. Let v(c) = -c**2 + 4*c + 1. Suppose o + 9 = 4*o. Let f be v(o). What is the greatest common divisor of f and a?
4
Let a = 1 + 130. Let z be a + 2 + -3 + 3. Let r = z - 93. What is the greatest common divisor of 8 and r?
8
Let h be (-10)/(-25) + ((-496)/(-10) - 0). Let k be (7/1 - 0)*-3. Let l = -1 - k. What is the highest common divisor of h and l?
10
Let u be (-1)/(3/(-6)) - -3. Calculate the highest common factor of u and 30.
5
Let b be 8/(-24) - 85/(-3). Let z = b + -19. Calculate the greatest common divisor of 9 and z.
9
Suppose a = 3*n + 26, 2*a = -2*n + 15 - 3. Let k = a + 57. What is the highest common factor of k and 17?
17
Suppose -6*c + 4*c = -18. What is the highest common factor of c and 27?
9
Let i = -26 + 16. Let g(f) = -f. Let x be g(i). What is the greatest common factor of 40 and x?
10
Let f be -2 - (-1)/(-2)*-2. Let v be (f - -93) + 1 + 0. Suppose -2*y + v = -17. What is the greatest common factor of 5 and y?
5
Let w = 32 - 15. What is the greatest common factor of w and 85?
17
Let w be 1/(((-6)/(-58))/(-3)). Let v = w - -41. What is the highest common divisor of 96 and v?
12
Suppose 0 = -w + 2 + 2. Suppose -w*o + 18 = -3*o. Suppose -283 = -4*z - 5*v, 3*v = 2*z - 2*v - 149. Calculate the highest common factor of o and z.
18
Suppose -2 - 5 = -2*z + s, 5*z + 4*s - 50 = 0. Let t = 8 - 17. Let m be (-2 - 1)/(t/12). What is the highest common factor of z and m?
2
Let j = -81 + 88. Calculate the greatest common divisor of 28 and j.
7
Let b = 13 + 2. Suppose -h + 4 = 0, 4*l - 3*h + 8*h - 620 = 0. Calculate the highest common divisor of l and b.
15
Let p(i) = -3*i**3 - 2*i**2 - i + 2. Let k be p(-2). Calculate the greatest common divisor of 180 and k.
20
Suppose -4*m - 16 - 14 = -3*k, -3*m = 3*k - 9. Suppose 0 = -3*y + k*y - 21. Let w be (-7)/(2*3/(-6)*1). What is the highest common factor of y and w?
7
Suppose -t + 224 = -x, -2*t + 3*x - 453 = -4*t. Let c(o) = -o**2 - 15*o - 31. Let r be c(-8). Calculate the highest common divisor of r and t.
25
Let k(t) = -t**3 + 8*t**2 + 4*t - 2. Let j be k(8). Suppose 2*g = 134 - 44. What is the highest common divisor of g and j?
15
Let p be ((-4)/2)/(4/(-18)). Let s = 96 + -60. Calculate the highest common factor of p and s.
9
Let q be (-9 - -5)*(-44)/2. What is the highest common divisor of 8 and q?
8
Suppose 8 = -2*s + 80. What is the greatest common factor of 12 and s?
12
Suppose 0 = 5*q - 5, 3*i - 5*q = -i - 53. Let p be 25/3 - (-4)/i. What is the highest common factor of p and 48?
8
Let z = 10 - 7. Let r be -2 + 93 - (z + 0). Calculate the highest common divisor of 22 and r.
22
Su